*g - 34 - g. Let a be z(-5). Let m(h) = 6*h**2 + 3*h + 2. Let j(v) = 13*v**2 + 7*v + 4. Let r(l) = -4*j(l) + 9*m(l). Determine r(a).
8
Let w(l) = -2*l - 313 - l**3 - 8*l**2 + 2*l**2 + 320. What is w(-5)?
-8
Let n(i) = -7*i**3 - 7*i**2 - 7*i. Let x(a) = 8*a**3 + 8*a**2 + 8*a. Let m(c) = -7*n(c) - 6*x(c). Suppose 5*r - 25 = 0, 0 + 8 = -3*g + r. Calculate m(g).
-1
Let n(h) = 3*h**3 - h**2 + h - 1. Suppose 3*m - 1 - 2 = 0. Give n(m).
2
Suppose -v - 9 = -3*i, 0 = 2*v - 7*v + 2*i - 6. Let g(w) = w + 5. Give g(v).
5
Let q(i) = -4*i - 2 - 3*i + i - 3. Let l(g) = -5*g - 4. Let b(v) = -5*l(v) + 4*q(v). Give b(-4).
-4
Let a(x) = -2*x**3 - x + 1. Suppose 0*r = -5*r + 30. Let m(c) = -c**3 + 5*c**2 + 5*c + 7. Let b be m(r). Give a(b).
-2
Let c(i) = 5*i + 1. Let a(m) = 15*m + 3. Let h(r) = -4*a(r) + 11*c(r). Give h(2).
-11
Let c be 4/20 - 18/(-10). Suppose 0 = c*b - 5 - 5. Let g(o) be the first derivative of -o**3/3 + 3*o**2 - 5*o - 1. Give g(b).
0
Let r(k) = -7*k**3 - 17*k**2 + 6. Let y(j) = 11*j**3 + 26*j**2 - j - 9. Let t(m) = 8*r(m) + 5*y(m). Let d = 12 - 17. Give t(d).
3
Suppose -2*w + 5*w + 12 = -y, 0 = 2*w + 3*y + 8. Let l(s) be the second derivative of s**5/20 + 5*s**4/12 + 7*s**3/6 + 3*s**2 + s. What is l(w)?
-6
Let y(j) = 3*j - 1. Suppose -3*m - 78 = -24. Let t be m/(-4) - 3/(-6). Calculate y(t).
14
Let b = -10 + 28. Let j be 4/(-8) + b/(-4). Let x(t) = t - t - t + 0. Determine x(j).
5
Let c(k) = -4*k - 1. Let u(t) be the first derivative of 2*t**3/3 + t**2 - 2*t + 4. Let l be u(-2). Suppose 0 = 4*r + 2 + l. Determine c(r).
3
Let c(o) = -o**2 + 9*o - 2. Let h(q) = 2*q**2 - 8*q + 3. Let m(d) = 5*c(d) + 6*h(d). Let y(n) = 2*n**2 - n + 3. Let j(x) = 3*m(x) - 8*y(x). What is j(-1)?
6
Let c be (-50)/(-12) - 11/66. Let n(j) = -j - 5*j + 1 + c*j. What is n(6)?
-11
Let r(x) = -x. Let l(d) = 5*d + 7. Let v(c) = -l(c) - 4*r(c). Let f be (3 + -4)*2 - 1. Determine v(f).
-4
Suppose 5*u = 3*m + 9, 3*u - 3*m - 11 = -2. Suppose -5*h = -3*s + 5*s - 3, h - 1 = u. Let a(l) = 2*l**3 + 2*l**2 + l. Calculate a(s).
-1
Let d(g) = 6*g**2 - 2*g**2 - 2*g - 3*g**2. Determine d(1).
-1
Let v(f) be the third derivative of f**5/60 + f**4/6 + f**3/6 + 5*f**2. Calculate v(-3).
-2
Suppose 2*f + 8 = -4*z - 6, 5*z = -3*f - 17. Let v(w) be the first derivative of 1/3*w**3 + 3/2*w**2 + 1 + w. What is v(z)?
5
Let z(w) = -1 - 7*w + 7*w - 7*w. Calculate z(-1).
6
Suppose -5*y + 20 = 0, -3*w - 2*w - 3*y + 22 = 0. Let v(k) = k**2 - 2. Determine v(w).
2
Let m(u) = 4*u**2. Let r(a) = 2*a - 1. Suppose -y + 4 = 3*y. Let i be r(y). What is m(i)?
4
Let d = -4 - -2. Let m = d + 4. Let h(r) = 1 + 3*r**m - 4*r - r**2 - 3*r**2. Calculate h(-2).
5
Let u be 5/(-2) + (-5)/10. Let p(b) be the third derivative of b**2 - 1/4*b**4 + 0*b - 1/60*b**5 + 0 - 1/2*b**3. What is p(u)?
6
Let i(p) = -4*p - 6 + 5 + p. Calculate i(-2).
5
Let r(k) = -4*k + 8 + k**2 + 3*k + 0*k + 7*k. Determine r(-6).
8
Let d(p) be the third derivative of 0 + 1/6*p**3 + 0*p - p**2 - 1/60*p**5 + 1/12*p**4. What is d(2)?
1
Let d(u) = -13 - 25*u + 2 + 27*u. Determine d(8).
5
Suppose -3*h - 4 = b - 0*b, 5*b + h - 8 = 0. Let o(x) = 5*x - 3. What is o(b)?
7
Let j(h) = 2*h + 1. Let m be 9/(-3) - 4/(-2). Calculate j(m).
-1
Suppose -4*m + 9 - 65 = 0. Let w be (-8)/12 + m/(-3). Let v(o) be the second derivative of -o**4/12 + 2*o**3/3 - o. Give v(w).
0
Let h(o) = o**2 + 3*o - 2. Suppose d - 24 = 2*s - 4*d, 5*s = -d - 6. Give h(s).
-4
Let m(x) = -x. Let z be m(-5). Let v(y) be the third derivative of -y**6/120 + y**5/15 + 5*y**4/24 + y**3 + 2*y**2. Calculate v(z).
6
Let j(t) be the second derivative of -t**5/20 - t**4/4 - t**3/6 - 2*t + 9. Let r be 3*(0 - 2/3). Give j(r).
-2
Let m be (-34)/9 + (-6)/27. Let o(x) = -5*x + 2 + 2*x - 8. Determine o(m).
6
Let t be (-2)/(-2) + 6 - 2. Suppose 7*p + 2*r = 4*p - 6, -15 = -4*p + t*r. Suppose -i + 4*i + 3 = p. Let g(u) = -9*u**3 - 1. Give g(i).
8
Let r(y) = 9*y**2 + 1. Suppose 2*a - 8 = 0, -a + 5*a = -3*t + 28. Let z(k) = -4*k + t*k + 4 + 10*k**2 - 2. Let h(f) = -3*r(f) + 2*z(f). What is h(-1)?
-6
Let l be (1 - 1)/((-1)/1). Let c(t) = 9*t + l - 3*t + 7*t**2 + t**3 - 5. Give c(-6).
-5
Let v(u) = u**3 + 7*u**2 - 9 - 11 + 21 - 7*u. Calculate v(-8).
-7
Let t = 7 + -7. Suppose t*k - k = -3. Let g(d) = -d + 4. Let v be g(k). Let b(y) = 5*y**3 - y**2. Determine b(v).
4
Let t(z) = -2*z**3 + 5*z**2 + 10*z + 3. Let p(w) = -w**3 + 6*w**2 + 9*w + 4. Let i(r) = -3*p(r) + 2*t(r). What is i(-7)?
-6
Let k(n) = -n**2 - 5*n - 4. Let a be k(-3). Let x(s) = 0*s + 5 - 2 + 2*s + 3*s**2 + a - s**3. Determine x(4).
-3
Let k = -29 - -24. Let x(g) = g**3 + 3*g**2 - 6*g + 7. What is x(k)?
-13
Let y(r) = 5*r**2 + 1 - 9*r**2 + r + 3*r**2 + 8*r**3. Determine y(-1).
-9
Let x(m) be the third derivative of 3*m**5/20 + m**3/6 + 27*m**2. Give x(1).
10
Let i(k) = 2*k**2 + 14*k + 16. Let y(u) = -u**2 - 7*u - 8. Let f(q) = 4*i(q) + 9*y(q). Determine f(-7).
-8
Suppose -16*u - 4 = -20*u. Let c(k) = -5*k. What is c(u)?
-5
Suppose -5*f + 35 = -3*j, 4*f + 36 = 8*f - 4*j. Let b(z) = -z**3 + 3*z**2 + 4. Calculate b(f).
-12
Let f(y) = -y + 5. Let w(x) be the second derivative of x**3/6 + 13*x**2/2 - 6*x. Let m be w(-10). What is f(m)?
2
Let r(w) = -w**3 + 4*w**2 - w - 3. Let a = -8 + 11. Calculate r(a).
3
Let t(l) = -3*l + 4*l - 10*l. Let o(w) be the third derivative of -w**4/24 + w**3/6 + 5*w**2. Let d(b) = -3*o(b) + t(b). What is d(-2)?
9
Let v(i) = i**3 + 5*i**2 - 11*i - 8. Let t be 2/14 + 400/(-56). Give v(t).
-29
Let u(z) = -2*z - 6. Let m = 52 - 56. What is u(m)?
2
Suppose -35 = -5*n - 10. Let q(p) = p + 1 - 1. Give q(n).
5
Let u = -6 + 4. Let p(k) be the second derivative of -k**4/12 - k**3/2 - k**2/2 - 2*k. Give p(u).
1
Let f(m) be the first derivative of m**7/840 + m**6/60 - m**4/12 - m**3 - 2. Let j(r) be the third derivative of f(r). What is j(-6)?
-2
Suppose 0*p - 12 = -3*p. Let n(t) = t**3 - 3*t**2 - 2*t - 4. What is n(p)?
4
Let v(f) = -5 - 3 + 5*f + 8 - 1. Determine v(2).
9
Let d(c) = c**3 - 7*c**2 - c + 10. Let l be d(7). Let i(n) = -5 + 5 + 2*n**l + 2*n**2 - 3*n - 2. What is i(-2)?
-4
Let p(r) = r**3 + r**2 - 2*r - 1. Let g = -53 + 51. What is p(g)?
-1
Let c(u) = u - 4. Suppose 3*y + 3 = 0, -5*y = -3*r - 2*y + 21. Let o be c(r). Let d(b) = 3*b + b**o - 2*b**2 - 5*b. Determine d(-2).
0
Let r(c) = -5*c**2 + 5*c**2 - 3 + c**2. Let j = -39 + 55. Suppose -3*u - j + 7 = 0. What is r(u)?
6
Let k(m) = -2*m**2 - 6*m. Let b(j) = -3*j**2 - 12*j - 1. Let y(v) = -3*b(v) + 5*k(v). Let c(z) = -2*z + 15. Let u be c(5). Give y(u).
8
Let l(u) = -23*u - u**2 - 2 - 22*u + 43*u. Calculate l(-3).
-5
Let n(w) be the first derivative of -w**3/3 - 12*w - 2. Suppose -3*l - 4 = 2*r - 4*l, 4*l = -r + 16. Suppose r*s = -3*s. Calculate n(s).
-12
Let z be (-175)/20*2/(-5). Let s(u) be the second derivative of 0 + 1/6*u**3 + z*u**2 + u. Determine s(0).
7
Suppose y = 4*o - 12, -3*o - 4*y - 6 = 2*o. Let u(t) = 3*t - 4*t + 2 - 2*t + o*t**2. Suppose q + 5 = 5*z - 0, z + 5*q = 27. Calculate u(z).
4
Let r(t) be the third derivative of -t**6/120 - t**5/10 + t**4/24 + t**3/2 + 11*t**2. Determine r(-6).
-3
Suppose 0 = 2*o - 10, -b = 3*b - o + 29. Let q(d) = d**2 + 6*d + 3. Give q(b).
3
Let x(g) = -9*g**2 - 5*g - 7. Let u(a) = -a**2 - a - 1. Let y(b) = -6*u(b) + x(b). Let i(q) = q**3 + 6*q**2 + q + 7. Let c be i(-6). Give y(c).
-3
Suppose 2*g + 4 = 4*a, -3*g - 2*g + 30 = -2*a. Let n = 3 - g. Let x(s) be the third derivative of -s**6/120 - s**5/12 + s**4/24 - 28*s**2. What is x(n)?
-5
Let t(d) = -2*d**2 - d. Suppose 2*u + 12 = 5*u. Let k be (-45)/(-18) + (-2)/u. Calculate t(k).
-10
Let r be 3 - -2*(-1 + 2). Let a(z) be the second derivative of 2*z**2 + 0*z**3 + 1/20*z**5 - 5/12*z**4 + 2*z + 0. Determine a(r).
4
Let k(c) = 10*c - 5. Let p(a) = -11*a + 4. Let z(t) = 3*k(t) + 2*p(t). Let y(g) = -9*g + 8. Let s(f) = -6*y(f) - 7*z(f). What is s(-3)?
7
Suppose 4*t - 12 = -0*t. Let l(o) = -8*o + o**2 + 1 + 0*o**2 - t + 4. Give l(3).
-13
Let i(j) = -7*j**2 + j + 17. Let v(p) = 6*p**2 - p - 17. Let y(d) = 5*i(d) + 6*v(d). Give y(0).
-17
Let n(q) = 1 + 1 + 4*q**3 - 5*q**3 + 6*q**2 - 3*q. Calculate n(6).
-16
Let o(j) = -7*j**3 + j**2. Let c be o(-1). Suppose m + 3*m - 12 = 0. Let h be (-15)/(-10)*c/m. Let r(n) = n**2 - 3*n - 2. Determine r(h).
2
Let m be 4/(3*4/18). Let z be m*(1/(-2) - -